ulate y(6).
14
Let h(a) = a**3 - 2*a**2 + 2*a + 1. Give h(2).
5
Let i(o) = -o**2 + 2*o + 12. What is i(5)?
-3
Let q(c) = -19*c - 82. Give q(-4).
-6
Let n(m) = 7*m + 10. Determine n(-3).
-11
Let j(r) = -14*r - 98. Calculate j(-7).
0
Let n(c) = -c**3 - 2*c**2 - 2*c + 2. Calculate n(-2).
6
Let a(d) = -26*d - 1117. Give a(-43).
1
Let d(y) = 2*y**3 - 13*y**2 - 7*y - 8. Determine d(7).
-8
Let k(q) = -2*q**2 - 12*q + 11. Give k(-9).
-43
Let k(t) = 2*t**3 + 11*t**2 + 7*t + 6. Give k(-4).
26
Let x(g) = g**2 - 4*g - 5. Give x(9).
40
Let d(f) = -4*f - 12. Give d(-5).
8
Let b(k) = -k**3 + 7*k**2 + 6*k + 10. Determine b(6).
82
Let z(i) = i**2 + 18*i + 65. Determine z(-5).
0
Let d(k) = 8*k + 66. Give d(-4).
34
Let w(i) = i - 11. Calculate w(5).
-6
Let c(h) = 8*h - 24. Calculate c(-2).
-40
Let a(m) = -2*m**2 + 4*m + 1. Calculate a(3).
-5
Let y(j) = 2*j**2 - 18*j + 13. Calculate y(8).
-3
Let q(n) = -n**2 + 2*n - 2. Calculate q(6).
-26
Let w(z) = -3*z**2 + 14*z + 14. Give w(7).
-35
Let d(b) = b**2 + 4*b - 1. Give d(-5).
4
Let o(u) = u**3 - 10*u**2 - 9*u - 3. Give o(11).
19
Let i(h) = h**2 - 5. Determine i(-5).
20
Let q(s) = -s**3 + 24*s**2 + 24*s + 28. Give q(25).
3
Let x(w) = -8*w - 39. Calculate x(-5).
1
Let j(o) = o**2 - 19*o + 57. Determine j(14).
-13
Let x(f) = f**2 - 32*f + 27. What is x(31)?
-4
Let j(w) = 2*w**2 - 22*w + 10. Determine j(15).
130
Let d(s) = -s**2 - 6*s - 1. Calculate d(-4).
7
Let q(s) = -9*s**2 + 2*s - 1. Give q(2).
-33
Let t(r) = -r**3 - 21*r**2 - 45*r - 105. What is t(-19)?
28
Let s(r) = -r - 3. Determine s(-12).
9
Let t(o) = 54*o + 101. Determine t(-2).
-7
Let b(g) = -10*g - 117. Give b(-10).
-17
Let w(f) = -f**2 + 8*f. Determine w(11).
-33
Let q(n) = 4*n + 13. What is q(5)?
33
Let p(g) = -g**3 - 22*g**2 + 77*g + 49. Determine p(-25).
-1
Let x(c) = 3*c - 24. Give x(12).
12
Let y(u) = -u**3 + 6*u**2 + 11*u - 31. Calculate y(7).
-3
Let r(o) = -o**2 + 3*o + 64. Calculate r(9).
10
Let n(k) = -2*k + 27. What is n(0)?
27
Let f(l) = l**3 - 3*l**2 - 12*l + 19. What is f(5)?
9
Let k(f) = -2*f**2 + 5*f + 10. Calculate k(-6).
-92
Let l(a) = -20*a - 128. What is l(-9)?
52
Let h(t) = -43*t - 87. What is h(-5)?
128
Let w(j) = 6*j - 125. Give w(18).
-17
Let b(w) = 4*w - 7. Determine b(-5).
-27
Let s(a) = 2*a**2 + 8*a + 6. Calculate s(-4).
6
Let u(j) = 4*j**2 + 2*j + 2. What is u(-1)?
4
Let v(r) = r**3 - 27*r**2 - 56*r - 58. What is v(29)?
0
Let y(r) = -27*r - 380. Give y(-14).
-2
Let r(m) = m**2 + 12*m - 11. Give r(-11).
-22
Let o(m) = -m**3 + 7*m**2 + 7*m + 9. What is o(8)?
1
Let d(p) = -2*p**2 + 2*p. Calculate d(5).
-40
Let b(a) = 17*a + 42. What is b(-2)?
8
Let l(j) = -3*j**3 - 12*j**2 - 11*j - 8. What is l(-4)?
36
Let m(w) = 2*w**2 - 13*w + 12. What is m(6)?
6
Let x(o) = -o**2 - 3*o + 22. What is x(4)?
-6
Let k(v) = v**2 - 6*v - 34. What is k(10)?
6
Let w(i) = i**2 + i - 6. Give w(0).
-6
Let k(z) = 5*z**2 + z + 2. Determine k(2).
24
Let w(g) = -4*g + 50. Calculate w(11).
6
Let f(k) = -k**2 - 25*k - 6. What is f(-24)?
18
Let t(r) = -35*r + 162. Give t(6).
-48
Let o(k) = 129*k. Determine o(1).
129
Let w(v) = v**3 - 15*v**2 + 29*v - 30. Calculate w(13).
9
Let i(m) = -4*m + 33. Calculate i(3).
21
Let v(d) = -5*d**3 + d**2 - d - 1. What is v(-1)?
6
Let x(v) = v**3 - v**2 - 5*v - 9. Give x(3).
-6
Let z(m) = -m + 12. Give z(-13).
25
Let s(v) = v**3 + 34*v**2 + 61*v - 73. What is s(-32)?
23
Let z(t) = 2*t**2 - 34*t + 122. Give z(5).
2
Let w(v) = -v**3 - 44*v**2 - v - 48. Determine w(-44).
-4
Let n(o) = -6*o**2 + 68*o + 1. Give n(11).
23
Let o(u) = -u**3 + 10*u**2 - 23*u - 7. Give o(3).
-13
Let f(n) = -n**2 + 17*n - 7. Calculate f(10).
63
Let j(g) = -2*g. Determine j(15).
-30
Let j(z) = 3*z - 11. Give j(8).
13
Let s(k) = -2*k**2 + 24*k - 14. Determine s(13).
-40
Let p(l) = 2*l**3 - 13*l**2 + 11*l - 28. Give p(6).
2
Let h(s) = 11*s**2 - 67*s + 2. Determine h(6).
-4
Let z(t) = -8*t - 82. Determine z(-16).
46
Let l(j) = -7*j**2 + j - 4. Determine l(2).
-30
Let c(t) = -18*t**2 - 6*t + 8. Calculate c(2).
-76
Let r(k) = 3*k - 3. What is r(-6)?
-21
Let t(m) = 4*m**2 - 2*m + 9. What is t(3)?
39
Let v(p) = -126*p + 376. What is v(3)?
-2
Let i(w) = -19*w**2 - w - 2. Calculate i(-1).
-20
Let f(z) = -z**2 - 3*z - 2. What is f(-5)?
-12
Let f(t) = t**3 - 4*t**2 - 9*t + 7. What is f(6)?
25
Let i(j) = j**3 - 2*j**2 + 10*j - 14. Give i(3).
25
Let h(b) = -18*b - 1. What is h(-5)?
89
Let c(w) = w**2 - 2*w + 3. Give c(3).
6
Let u(x) = -9*x + 47. What is u(-7)?
110
Let r(l) = -l**3 - l**2 + 2*l + 17. Calculate r(0).
17
Let t(j) = -j**2 - 19*j + 28. Determine t(-20).
8
Let a(p) = 3*p + 9. Give a(-2).
3
Let h(j) = j**2 + 21*j + 32. Determine h(-12).
-76
Let l(m) = m**3 - 10*m**2 + 9*m + 6. Calculate l(9).
6
Let f(i) = 11*i - 60. Give f(5).
-5
Let v(k) = -3*k**2 + 34*k - 26. Give v(10).
14
Let z(k) = 12*k + 108. Determine z(-12).
-36
Let t(z) = 2*z**3 + 2*z**2 - 4*z + 8. Calculate t(-5).
-172
Let m(u) = -u**3 - 4*u**2 - 2*u - 1. Give m(-3).
-4
Let i(s) = -s**3 + 11*s**2 - 12*s - 2. Determine i(10).
-22
Let b(r) = r**3 - 3*r**2 - 1. What is b(3)?
-1
Let k(o) = 6*o**3 - 2*o**2 - 2*o - 1. Give k(-1).
-7
Let q(a) = -4*a**2 - 16*a + 2. What is q(-6)?
-46
Let p(z) = 2*z**3 + 19*z**2 - 23*z - 124. Determine p(-10).
6
Let f(i) = 17*i + 336. Give f(-20).
-4
Let r(i) = i**2 + i + 7. Give r(-3).
13
Let z(p) = 57*p - 1. Determine z(-1).
-58
Let m(j) = 21*j - 36. What is m(2)?
6
Let q(k) = 3*k + 15. What is q(9)?
42
Let m(k) = k**3 + 5*k**2 - 6*k + 8. What is m(-6)?
8
Let r(b) = -29*b**2 + b + 1. Give r(-1).
-29
Let f(w) = -22*w + 7. Determine f(1).
-15
Let v(z) = 11*z + 7. Determine v(-1).
-4
Let k(m) = -m**3 + 12*m**2 - 9*m + 23. Give k(11).
45
Let p(x) = -x**3 - 21*x**2 - 6*x. What is p(-21)?
126
Let y(a) = 4*a**2 - 5*a + 4. What is y(4)?
48
Let s(m) = 3*m**2 + 2*m + 2. Calculate s(0).
2
Let g(j) = j**2 - 11*j - 2. Calculate g(11).
-2
Let z(k) = -k**3 + 6*k**2 + 4*k - 7. Calculate z(7).
-28
Let l(s) = 3*s**2 - 11*s + 27. Calculate l(2).
17
Let n(t) = t**2 + 15*t - 28. Calculate n(-17).
6
Let n(h) = h - 6. Determine n(8).
2
Let b(q) = 2*q + 13. Give b(-11).
-9
Let b(u) = -u**3 - 41*u**2 - 141*u + 260. What is b(-37)?
1
Let y(o) = o**2 + 10*o + 3. Determine y(-8).
-13
Let g(n) = -11*n**2 - 63*n + 8. What is g(-6)?
-10
Let b(z) = -z**2 - z + 22. What is b(-6)?
-8
Let h(j) = -2*j**2 - 18*j - 22. Calculate h(-7).
6
Let i(f) = -f**2 + 12*f - 10. Determine i(7).
25
Let a(x) = -x**3 + 5*x**2 + x - 2. Determine a(4).
18
Let s(h) = -17*h - 31. Calculate s(-2).
3
Let v(m) = m**2 + 5*m - 11. What is v(-9)?
25
Let b(w) = -7*w + 5. Determine b(-3).
26
Let i(f) = -f**3 - 12*f**2 + 8. Determine i(-12).
8
Let x(c) = c**2 + 47*c + 115. What is x(-45)?
25
Let r(w) = -w**3 - 11*w**2 + 26*w + 6. Give r(-13).
6
Let j(g) = g**2 - 5*g - 12. Calculate j(6).
-6
Let d(h) = h**2 + 5*h - 9. What is d(-5)?
-9
Let d(g) = -g**3 + g**2 + 2*g - 3. Calculate d(2).
-3
Let s(x) = 2*x - 13. Determine s(-10).
-33
Let z(w) = -w**2 + 4*w - 4. What is z(0)?
-4
Let c(i) = -4*i. What is c(4)?
-16
Let n(t) = 3*t**2 - 3*t + 8. What is n(2)?
14
Let v(g) = -11*g**2 - g + 1. What is v(1)?
-11
Let m(c) = 59*c**3 + 3*c**2 + 2*c. Calculate m(-1).
-58
Let l(x) = -4*x + 60. Calculate l(-14).
116
Let v(w) = -w**3 - w**2 - w - 3. Determine v(0).
-3
Let c(l) = -14*l - 138. Give c(-10).
2
Let p(x) = 109*x - 759. Determine p(7).
4
Let q(t) = -6*t - 3. Give q(-3).
15
Let q(y) = -y**2 - 9. Give q(3).
-18
Let c(k) = -45*k**2 - 8*k + 8. Determine c(1).
-45
Let r(m) = m**2 - 17*m - 11. Give r(18).
7
Let a(n) = n**3 + 9*n**2 - 10*n + 3. Determine a(-10).
3
Let t(z) = -z**2 - 7*z - 10. Determine t(-4).
2
Let l(m) = -m. What is l(15)?
-15
Let m(y) = 9*y**2 - y - 2. Give m(2).
32
Let y(r) = -r**2 - 11*r - 3. Give y(-13).
-29
Let p(x) = 2*x - 8. Give p(-17).
-42
Let g(u) = -u**2 - 10*u. Calculate g(-11).
-11
Let w(u) = -2*u**2 + 33*u - 93. Give w(13).
-2
Let f(z) = 21*z + 116. Determine f(-5).
11
Let h(g) = 2*g**2 - 9*g - 2. Give h(7).
33
Let u(i) = -i + 22. What is u(10)?
12
Let k(o) = -o**2 + o + 2. Determine k(5).
-18
Let v(y) = -y**3 + 11*y**2 + 2*y + 16. Calculate v(10).
136
Let k(y) = y**3 + 19*y**2 + 19*y + 12. What is k(-18)?
-6
Let u(k) = 2*k**2 - 22*k + 28. What is u(9)?
-8
Let y(d) = 15*d - 126. Determine y(8).
-6
Let v(x) = -3*x**2 + 22*x